{"id":28,"date":"2022-10-17T19:31:47","date_gmt":"2022-10-18T00:31:47","guid":{"rendered":"https:\/\/picnicreposteria.com\/?page_id=28"},"modified":"2023-05-31T17:51:50","modified_gmt":"2023-05-31T22:51:50","slug":"conocenos","status":"publish","type":"page","link":"https:\/\/picnicreposteria.com\/?page_id=28","title":{"rendered":"Con\u00f3cenos"},"content":{"rendered":"\n<p><strong>Sobre la empresa:<\/strong><br>Su fundadora Gaby Jim\u00e9nez, orgullosamente nos comparte que su inspiraci\u00f3n para iniciar PICNIC fue el poder facilitar recetas a los usuarios y una adecuada asesor\u00eda sobre el uso adecuado de los utensilios y materia prima.<\/p>\n\n\n\n<p>A Gaby la definen esas ganas de progresar y una determinaci\u00f3n puntual sobre sus objetivos. Su historia es impresionante e inspiradora. As\u00ed que, ante la necesidad de salir adelante, comenz\u00f3 a utilizar la sala de su casa como tienda y como lugar en donde impart\u00eda cursos para hacer galletas.<br>Cuatro a\u00f1os m\u00e1s tarde, instal\u00f3 su 3ra. Tienda y comenz\u00f3 su expansi\u00f3n al repartir en toda la Rep\u00fablica Mexicana, convirtiendo a PICNIC en un gran l\u00edder de la industria repostera.<br>Hoy en d\u00eda, sin duda PICNIC no solo se ha convertido en la marca favorita de las amas de casa y las pasteler\u00edas mexicanas, tambi\u00e9n abri\u00f3 sus puertas para darle oportunidad a las personas que deseen distribuir sus productos y crecer en esta endulzada industria.<\/p>\n\n\n\n<p><strong>MISI\u00d3N:<\/strong><br>Llevar a las amas de casa, reposter\u00edas y pasteler\u00edas mexicanas, productos e insumos con la mejor calidad en el mercado y a los mejores precios competitivos; adem\u00e1s de diferenciarnos al brindarles asesor\u00eda sobre su correcto uso, a trav\u00e9s de recetas y cursos innovadores, que les sean de gran utilidad.<\/p>\n\n\n\n<p><strong>VISI\u00d3N:<\/strong><br>Consolidar una cadena nacional de tiendas especializadas en autoservicio, con productos e insumos de m\u00e1xima calidad y con una atenci\u00f3n personalizada en asesoramiento de uso de insumos y capacitaci\u00f3n de la marca, a los nuevos distribuidores.<\/p>\n\n\n\n<p><strong>VALORES:<\/strong><br>Excelencia en servicio, trabajo en equipo, calidad, responsabilidad, confianza, liderazgo, compromiso, jovialidad, impulso al crecimiento.<\/p>\n","protected":false},"excerpt":{"rendered":"<p>Sobre la empresa:Su fundadora Gaby Jim\u00e9nez, orgullosamente nos comparte que su inspiraci\u00f3n para iniciar PICNIC fue el poder facilitar recetas a los usuarios y una adecuada asesor\u00eda sobre el uso adecuado de los utensilios y materia prima. A Gaby la definen esas ganas de progresar y una determinaci\u00f3n puntual sobre sus objetivos. Su historia es [&hellip;]<\/p>\n","protected":false},"author":1,"featured_media":0,"parent":0,"menu_order":0,"comment_status":"closed","ping_status":"closed","template":"","meta":{"footnotes":""},"_links":{"self":[{"href":"https:\/\/picnicreposteria.com\/index.php?rest_route=\/wp\/v2\/pages\/28"}],"collection":[{"href":"https:\/\/picnicreposteria.com\/index.php?rest_route=\/wp\/v2\/pages"}],"about":[{"href":"https:\/\/picnicreposteria.com\/index.php?rest_route=\/wp\/v2\/types\/page"}],"author":[{"embeddable":true,"href":"https:\/\/picnicreposteria.com\/index.php?rest_route=\/wp\/v2\/users\/1"}],"replies":[{"embeddable":true,"href":"https:\/\/picnicreposteria.com\/index.php?rest_route=%2Fwp%2Fv2%2Fcomments&post=28"}],"version-history":[{"count":2,"href":"https:\/\/picnicreposteria.com\/index.php?rest_route=\/wp\/v2\/pages\/28\/revisions"}],"predecessor-version":[{"id":75,"href":"https:\/\/picnicreposteria.com\/index.php?rest_route=\/wp\/v2\/pages\/28\/revisions\/75"}],"wp:attachment":[{"href":"https:\/\/picnicreposteria.com\/index.php?rest_route=%2Fwp%2Fv2%2Fmedia&parent=28"}],"curies":[{"name":"wp","href":"https:\/\/api.w.org\/{rel}","templated":true}]}}